3*j(n) - l(n). Let p be s(2). What are the prime factors of (-1)/(-3) - p/6?
43
Let x = -19 + 20. Let n = 21 - 24. What are the prime factors of 4/(n - x)*-6?
2, 3
Suppose -4*n = -26 + 6. Let h(c) = c - 5. Let u be h(n). Suppose 5*s - 17 - 38 = u. List the prime factors of s.
11
Let q be (-1 - 1/(-1))*6/(-12). Suppose q*r + 350 = 5*r. What are the prime factors of r?
2, 5, 7
Let l(h) = -3*h - 10. Let q be l(-5). Let u(c) = -c**3 - c - 6. Let n be u(q). What are the prime factors of 6/(-33) - n/22?
2, 3
Let s(t) = 13*t**2 + 38*t + 6. List the prime factors of s(8).
2, 571
Suppose -3 = -4*z - 4*i + 5, 5*z - 20 = 5*i. List the prime factors of z/(-2) + (-85)/(-2).
41
Let f = 71 - 35. Let w = f + 31. Let x = w - 27. What are the prime factors of x?
2, 5
Suppose 2916 = 6*y - 2286. What are the prime factors of y?
3, 17
Let p(m) be the second derivative of 4*m**3 - 3*m**2/2 + 5*m. Let l be p(3). Suppose 0 = q - b - 19 + 2, 0 = 2*q + 5*b - l. What are the prime factors of q?
2, 11
Let t = -18 - -48. Suppose -5*u + t = f, -u + 20 = 5*f - 2*u. List the prime factors of f.
5
Let v(h) be the first derivative of -h**2 + 11*h - 7. Let k be v(13). Let s = k + 18. What are the prime factors of s?
3
Let h(q) = -q**3 + q**2 + q. Suppose -m = -0 - 2. Let j be h(m). Let d = 7 - j. List the prime factors of d.
3
Let l be 0/(0 + 3) - -3. Suppose -4*u - 52 + 209 = 3*v, -l*v = -2*u - 151. What are the prime factors of v?
3, 17
Suppose -8*n = -n - 2114. Suppose 0 = -2*t + 3*t - 5*r - 68, 4*t - 5*r - n = 0. What are the prime factors of t?
2, 3, 13
Suppose 4*z + l = 3148, 0 = -38*z + 35*z - 4*l + 2374. What are the prime factors of z?
2, 3, 131
Suppose -2*w + 5*j = -15, 5*w - 2*j + 30 = -3*j. Let a be 4 + (-4)/10*w. Suppose -o + 16 = a. List the prime factors of o.
2, 5
Let i(m) = 3*m + 3*m**3 + 2*m**3 - 5*m - 4*m**3. Let z be i(3). What are the prime factors of -2 + 1 - z/(-1)?
2, 5
List the prime factors of (8 + -7 + 3)*250.
2, 5
Suppose 0 = -b + 4*u + 2186, -8*b + 3*u = -2*b - 13074. List the prime factors of b.
2, 3, 11
Let z(l) = 182*l + 18. What are the prime factors of z(1)?
2, 5
Let q = 794 - 559. What are the prime factors of q?
5, 47
Let t(r) = -29*r**3 - 6*r**2 - 24*r - 55. What are the prime factors of t(-5)?
2, 3, 5, 59
Suppose 0 = -2*d - 5*b - 87 - 75, -3*d + 2*b = 243. Let c = 226 + d. What are the prime factors of c?
5, 29
Let d be (-3)/((-1)/(22/6)). Suppose 1240 = d*c - c. What are the prime factors of c?
2, 31
Let j = -131 + 134. Let d be (2 - 10/4)*0. Suppose d = -j*f + 4*z + 5 + 54, 5*z - 120 = -4*f. List the prime factors of f.
5
Let n(a) = a**3 - 27*a**2 + 54*a + 22. List the prime factors of n(25).
2, 61
Suppose 12*c - 9*c = 12. Suppose -c*g + 3*g + 40 = 0. List the prime factors of g.
2, 5
Let j = 90 - -205. What are the prime factors of j?
5, 59
Let o be 20/3 + (-2)/3. Let a(u) = 5*u**2 + 3*u + 8. Let y(x) = 11*x**2 + 7*x + 15. Let t(z) = 9*a(z) - 4*y(z). What are the prime factors of t(o)?
2, 3, 7
Let r(m) = -9*m + 23*m**2 - m**3 - 3 + 9 - 12*m. List the prime factors of r(22).
2, 7
Suppose 8*z - 8016 = -8*z. Let q = z - 272. What are the prime factors of q?
229
Let t = 88 + 27. Suppose -3*r = 2*r + 5*b - t, 0 = 5*r - b - 121. What are the prime factors of r?
2, 3
List the prime factors of 1088/3 - 5*(-16)/(-120).
2, 181
Let d = 120 + 21. Suppose 3 - d = -6*q. List the prime factors of q.
23
Let i be 1/(-2)*(1 - 1). Suppose i*u - 655 = -5*u. List the prime factors of u.
131
Suppose 22022 = 4*d - 5*o, -5*d + d - 5*o = -22002. What are the prime factors of d?
5503
Let g be 23/5 - (-4)/10. Suppose 4*p - g*p = -61. List the prime factors of p.
61
Suppose 5 = -0*h + h. Suppose -1 = s + h. What are the prime factors of 92/(-10)*15/s?
23
Let y = 401 - 1283. List the prime factors of 2/(-4) - y/12.
73
Let y(z) = 2*z**2 - 13*z - 10. Let b(n) = n**2 + 13*n + 22. Let u be b(-12). Suppose 0 = -0*j - j + u. List the prime factors of y(j).
2, 3, 5
Let q(x) = 28*x**2 + 2*x + 6. What are the prime factors of q(-2)?
2, 3, 19
Let o = -2 + 7. Suppose 76 = -3*c + 6*c - 4*z, o*c - 150 = 2*z. Let k = c + 37. What are the prime factors of k?
3, 23
Let q be 1 - (0 + -3)*(-2)/6. List the prime factors of 40/1 - (2 + 2 - q).
2, 3
Let h(l) = -l**3 + 7*l**2 + 12*l + 13. Let v be h(8). What are the prime factors of ((-162)/v)/((-6)/680*2)?
2, 3, 17
Suppose 0 = -22*a + 18*a + 14100. List the prime factors of -3 - a/(-33) - 2/(-11).
2, 13
Let k(s) = -s**2 - 4*s + 8. Let m = -9 - -4. Let j be k(m). Suppose -j*t + 5*t - 84 = 0. List the prime factors of t.
2, 3, 7
Let n be 12/2 + (-10 - -8). Suppose -3*y + n*t - 29 = 0, -2*y - 2*t + 5*t = 21. List the prime factors of ((-9)/(-6))/(y/(-72)).
2, 3
Let z(s) = s**2 - 10*s + 15. Let l be z(6). Let i = 8 + l. List the prime factors of (i + 11)/((-2)/(-6)).
2, 3, 5
Let d be ((-3)/6)/(2/(-36)). Let g = d + -7. What are the prime factors of 352/56 + g/(-7)?
2, 3
Suppose -2*i - c + 813 = 0, -812 = -2*i + 164*c - 166*c. What are the prime factors of i?
11, 37
Let q = -1572 - -2728. List the prime factors of q.
2, 17
Let a(q) = -7*q - 49. Let s be a(-7). Suppose -4*x + 3*w + 389 = s, 2*x + 86 - 282 = 2*w. List the prime factors of x.
5, 19
Let g be ((-64)/56)/(4/(-14)). Suppose -g*u - 2*q + 23 = -243, -4*u - 3*q + 265 = 0. What are the prime factors of u?
67
Let o = 281 + 280. Suppose -15*z + o = -1509. What are the prime factors of z?
2, 3, 23
Suppose 4*h = -h + 510. Suppose u = -s + 71, 2*s + h = 4*u - 200. List the prime factors of u.
2, 37
Let g = -114 - -120. Suppose 2*i + g - 12 = 0. List the prime factors of i.
3
Let i(q) = -2*q**2 + 5*q - 1. Let h be i(4). Let v(w) = 2*w**2 + 17*w - 24. Let f be v(-11). Let x = f - h. What are the prime factors of x?
2, 11
Let s be ((-201)/(-2 - 1))/1. Let i = 133 - s. Let k = i - 30. List the prime factors of k.
2, 3
List the prime factors of (-79 - -73)*1024/(-3).
2
Suppose 6*f - 6652 = 9038. List the prime factors of f.
5, 523
Let k(d) = -d**2 + 13*d - 17. Let h(r) = -r + 17. Let c be h(6). Let l be k(c). Suppose -7*j + l*j + 24 = 0. List the prime factors of j.
2, 3
Suppose -13*i + 286 + 16315 = 0. What are the prime factors of i?
1277
Let x(z) = -z**3 - 10*z**2 - 10*z - 4. Let m be x(-9). Suppose -2*b + n = -11, -m*b - n + 24 = -0*n. Let u = b - -7. What are the prime factors of u?
2, 3
Suppose -f - 462 = -7*o + 6*o, -486 = -o - 11*f. List the prime factors of o.
2, 29
Suppose 31*l + 54 = 33*l. Let g(d) = d**2 - 19*d + 24. What are the prime factors of g(l)?
2, 3, 5
Suppose 97*a - 134*a = -14763. What are the prime factors of a?
3, 7, 19
What are the prime factors of (96/9)/((-431)/54 + 8)?
2, 3
Suppose -j = -5*a + 15, -3*a - 2*j = 2*a. Suppose -a*u = -0*n - 3*n + 286, -3*n - 3*u = -261. What are the prime factors of n?
2, 23
Suppose -10939 = -4*a + 5*o, 0 = -a + 2*o + o + 2733. List the prime factors of a.
2, 3, 19
Suppose -5*b - x = -b + 19, 0 = 2*b + 5*x + 5. Let k(u) = -2*u**3 - 8*u**2 - 11*u + 4. What are the prime factors of k(b)?
109
Suppose 100*x = 109*x - 2313. What are the prime factors of x?
257
Let f(o) be the first derivative of -3*o**3 - 1/4*o**4 - 5*o**2 + 6*o - 9. What are the prime factors of f(-8)?
2, 11
Suppose -22*r = 254 - 342. Let m be (-4)/(-1 + 1 - 2). Suppose r*a - m*a = 82. List the prime factors of a.
41
Let f(g) = -14*g + 28*g + 17 - 13*g. List the prime factors of f(-11).
2, 3
Let f = 2 + 1. Suppose f*d - 6 = 2*d - 2*o, -6 = d - 4*o. Suppose 0 = d*w + w - 4*i - 130, 5*i + 96 = 2*w. List the prime factors of w.
2, 19
Let r(c) = c**3 - 9*c**2 - 3*c - 10. Let q be r(7). Let w = q - -225. Suppose -5*d + 44 = -w. What are the prime factors of d?
2, 7
Suppose -x + 12 = x + 2*b, 4*b - 18 = -x. Suppose 22 = 4*m - x*w, 0 = -6*w + w - 25. Suppose -m*v + 212 = v. What are the prime factors of v?
53
Suppose -4*m = 3*q - 31 - 1, -m - q = -9. Suppose 86 = -3*n + m*n. Let c = -18 + n. List the prime factors of c.
5
Suppose u + 4*g = 288, 3*g - 6*g = 5*u - 1423. What are the prime factors of u?
2, 71
Let i be (1 - (-15)/(-12))*4. Let w be 4/2 - (i - -5). List the prime factors of w/(2/(-18)*2).
3
Let h be 5/(-2)*(-1)/((-10)/(-8)). Let b(q) = 7*q**2 - 8*q - 5. Let y(c) = -7*c**2 + 9*c + 6. Let v(p) = 6*b(p) + 5*y(p). What are the prime factors of v(h)?
2, 11
Suppose 4*w = 